{"id":149,"date":"2023-05-05T23:14:08","date_gmt":"2023-05-05T21:14:08","guid":{"rendered":"https:\/\/debretevielleproductions.com\/?page_id=149"},"modified":"2023-05-18T01:47:38","modified_gmt":"2023-05-17T23:47:38","slug":"prestations-tournages","status":"publish","type":"page","link":"https:\/\/debretevielleproductions.com\/?page_id=149","title":{"rendered":"Prestations Tournages"},"content":{"rendered":"\n<h3 class=\"wp-block-heading has-text-align-center\" id=\"prestations\">Cin\u00e9ma Interviews Institutionnels<\/h3>\n\n\n\n<div class=\"wp-block-columns is-layout-flex wp-container-core-columns-is-layout-28f84493 wp-block-columns-is-layout-flex\">\n<div class=\"wp-block-column is-layout-flow wp-block-column-is-layout-flow\">\n<div class=\"wp-block-cover is-light\"><span aria-hidden=\"true\" class=\"wp-block-cover__background has-pale-cyan-blue-background-color has-background-dim-20 has-background-dim\"><\/span><div class=\"wp-block-cover__inner-container is-layout-flow wp-block-cover-is-layout-flow\">\n<h4 class=\"wp-block-heading\">Cadrage<\/h4>\n\n\n\n<p class=\"has-normal-font-size\">De Br\u00e9tevielle Productions dispose de son propre mat\u00e9riel mais peut en louer et faire appel \u00e0 son r\u00e9seau de professionnels comp\u00e9tents pour les besoins de votre projet.<\/p>\n\n\n<div class=\"wp-block-image is-style-rounded\">\n<figure class=\"aligncenter size-medium is-resized\"><img decoding=\"async\" src=\"https:\/\/debretevielleproductions.com\/wp-content\/uploads\/2023\/05\/71q4f6CCpZS._AC_SL1500_-300x219.jpg\" alt=\"\" class=\"wp-image-284\" height=\"207\"\/><\/figure><\/div><\/div><\/div>\n<\/div>\n\n\n\n<div class=\"wp-block-column is-layout-flow wp-block-column-is-layout-flow\">\n<div class=\"wp-block-cover is-light\"><span aria-hidden=\"true\" class=\"wp-block-cover__background has-light-green-cyan-background-color has-background-dim-20 has-background-dim\"><\/span><div class=\"wp-block-cover__inner-container is-layout-flow wp-block-cover-is-layout-flow\">\n<h4 class=\"wp-block-heading\">Prise de son<\/h4>\n\n\n\n<p class=\"has-text-align-left has-normal-font-size\">De Br\u00e9tevielle Productions dispose de mat\u00e9riel, de comp\u00e9tences et d&#8217;une \u00e9quipe permettant de garantir une qualit\u00e9 professionnelle.<\/p>\n\n\n<div class=\"wp-block-image is-style-rounded\">\n<figure class=\"aligncenter size-medium is-resized\"><img decoding=\"async\" src=\"https:\/\/debretevielleproductions.com\/wp-content\/uploads\/2023\/05\/dr-60dmkii-300x207.jpg\" alt=\"\" class=\"wp-image-282\" height=\"207\" srcset=\"https:\/\/debretevielleproductions.com\/wp-content\/uploads\/2023\/05\/dr-60dmkii-300x207.jpg 300w, https:\/\/debretevielleproductions.com\/wp-content\/uploads\/2023\/05\/dr-60dmkii-1024x706.jpg 1024w, https:\/\/debretevielleproductions.com\/wp-content\/uploads\/2023\/05\/dr-60dmkii-768x529.jpg 768w, https:\/\/debretevielleproductions.com\/wp-content\/uploads\/2023\/05\/dr-60dmkii-1536x1059.jpg 1536w, https:\/\/debretevielleproductions.com\/wp-content\/uploads\/2023\/05\/dr-60dmkii.jpg 1600w\" sizes=\"(max-width: 300px) 100vw, 300px\" \/><\/figure><\/div>\n\n\n<div style=\"height:41px\" aria-hidden=\"true\" class=\"wp-block-spacer\"><\/div>\n<\/div><\/div>\n<\/div>\n<\/div>\n","protected":false},"excerpt":{"rendered":"<p>Cin\u00e9ma Interviews Institutionnels<\/p>\n","protected":false},"author":1,"featured_media":284,"parent":0,"menu_order":0,"comment_status":"closed","ping_status":"closed","template":"","meta":{"footnotes":""},"class_list":["post-149","page","type-page","status-publish","has-post-thumbnail","hentry"],"_links":{"self":[{"href":"https:\/\/debretevielleproductions.com\/index.php?rest_route=\/wp\/v2\/pages\/149","targetHints":{"allow":["GET"]}}],"collection":[{"href":"https:\/\/debretevielleproductions.com\/index.php?rest_route=\/wp\/v2\/pages"}],"about":[{"href":"https:\/\/debretevielleproductions.com\/index.php?rest_route=\/wp\/v2\/types\/page"}],"author":[{"embeddable":true,"href":"https:\/\/debretevielleproductions.com\/index.php?rest_route=\/wp\/v2\/users\/1"}],"replies":[{"embeddable":true,"href":"https:\/\/debretevielleproductions.com\/index.php?rest_route=%2Fwp%2Fv2%2Fcomments&post=149"}],"version-history":[{"count":54,"href":"https:\/\/debretevielleproductions.com\/index.php?rest_route=\/wp\/v2\/pages\/149\/revisions"}],"predecessor-version":[{"id":801,"href":"https:\/\/debretevielleproductions.com\/index.php?rest_route=\/wp\/v2\/pages\/149\/revisions\/801"}],"wp:featuredmedia":[{"embeddable":true,"href":"https:\/\/debretevielleproductions.com\/index.php?rest_route=\/wp\/v2\/media\/284"}],"wp:attachment":[{"href":"https:\/\/debretevielleproductions.com\/index.php?rest_route=%2Fwp%2Fv2%2Fmedia&parent=149"}],"curies":[{"name":"wp","href":"https:\/\/api.w.org\/{rel}","templated":true}]}}